t a composite number?
False
Suppose -33 = 3*v + d + 2*d, 3*v + 4*d = -36. Let q(z) = z**3 + 7*z**2 - 9*z - 5. Let g be q(v). Let u(y) = 5*y - 4. Is u(g) a composite number?
False
Let z(q) = -51*q**2 - q + 3. Let i be z(3). Let x = i + 798. Is x composite?
True
Suppose -42*t + 38*t + 1636 = 0. Is t a composite number?
False
Let o(q) = 7*q**2 - 24*q - 30. Is o(-31) composite?
True
Let s(c) = -4*c - 1. Let k be s(-1). Suppose -v - f - 25 = 0, v - 4*f = -k*v - 68. Let j = v + 35. Is j composite?
True
Let j(x) = -14*x**3 - 3*x**2 + 5. Let c be j(-4). Suppose -c - 248 = -3*g. Is g a prime number?
True
Let m be 1*1/(2/654). Suppose -3*g + l - 262 = -7*g, m = 5*g + l. Is g a composite number?
True
Let i(s) = s**2 + 1. Let v(d) = -d**3 + d**2 + 2*d + 4. Let t(y) = -i(y) - v(y). Is t(4) a composite number?
False
Let x(j) = -j**3 + 8*j**2 + 19*j + 7. Is x(9) a prime number?
True
Suppose -3*n = c + 2 + 2, -4*n = -4*c + 64. Suppose -2*k + 39 = -c. Is k a prime number?
False
Suppose -b = -2*w - 150 - 161, 3*b + 3*w = 915. Is b a composite number?
False
Let j(f) = -f**3 + 9*f**2 - 4*f + 5. Is j(6) a prime number?
True
Suppose -x - 2*q = -q - 7, -x + 3*q = 9. Suppose k - 5*v - 30 = -4*k, 2*k = -3*v + 12. Suppose -3*h + k*h - x*z = 156, 4*h = 2*z + 210. Is h composite?
False
Suppose -s + 4*g = -3*s, 2*s + 5*g = 0. Suppose s = -3*l + 3, 0 = -4*c + 2*l + 146. Suppose 0*u - c = -u. Is u composite?
False
Suppose 3527 = 4*f - 4221. Is f a prime number?
False
Suppose -5*a = -9*a + 60. Is a a prime number?
False
Let b = 5 + -5. Suppose -185 = -v - b*v. Is v prime?
False
Suppose 7 = -4*y - 5. Is 1*(2 + y - -5) a prime number?
False
Suppose 5*u - 4*u - 843 = -5*t, 0 = 2*u + 4*t - 1698. Is u a composite number?
False
Let n(c) = -2*c - 3. Let a be n(-8). Suppose -4*m - l - 28 = 0, -a = 4*m - 2*l + 3. Let h(s) = s**2 - 7*s - 1. Is h(m) composite?
True
Let b(c) = c**3 - 8*c**2 + 10*c - 7. Is b(7) a composite number?
True
Let o(f) be the second derivative of -32*f**3/3 - f**2/2 - 2*f. Is o(-3) a composite number?
False
Let v(g) = 203*g**2 - g + 1. Suppose -3*z - 5 + 8 = 0. Is v(z) prime?
False
Let f = 26 + 681. Let z = -366 + f. Is z prime?
False
Suppose -144 = -4*g - z + 295, g = -5*z + 124. Suppose 5*i + x - 3*x - g = 0, x = i - 23. Is i prime?
False
Suppose 9 = 2*n - 5*r, -4*n + 1 = -r - 8. Let x(h) = 46*h - 3. Is x(n) a composite number?
False
Let d = -4 + 4. Suppose d = 4*m - 29 - 55. Is m a composite number?
True
Let d = -29 + 70. Suppose -2*x - 5*n - d = -5*x, 5*n = -5*x + 55. Suppose x = 3*p - 9. Is p composite?
False
Let c(g) = 1 + 1 - 3*g + 8. Suppose 0 = 4*u + 44 - 8. Is c(u) a prime number?
True
Let a be 5*27 + 2/2. Suppose 4*x = 44 + 240. Let b = a - x. Is b prime?
False
Let a = 2 - 0. Suppose 0 = -a*b + 2*s + 14, 4*b + s + 2*s = -7. Suppose 0 = 3*v - 2*j - 453, -b*v = -3*j - j - 310. Is v a composite number?
False
Suppose -4*z = -5*f - 0*z + 2633, f = 4*z + 517. Is f*3/(-9)*-3 a composite number?
True
Let i(u) = -37*u + 10. Let r be i(6). Let m = r + 391. Is m composite?
False
Let j(o) = 173*o**2 - 7. Is j(4) a prime number?
False
Let t(w) = 5*w**3 + w**2 - w + 5. Let o(p) = 6*p**3 - p + 5. Let s(v) = -6*o(v) + 7*t(v). Let h be s(5). Suppose -3*j + h = -j. Is j a prime number?
False
Suppose 3*o - 4*o + 254 = k, 3*o + 2*k - 759 = 0. Is o prime?
True
Let u = -3910 - -9917. Is u a composite number?
False
Let y(i) = i**3 - 4*i**2 + 3*i + 1. Let a be y(3). Let u = a - 7. Let r = u - -13. Is r a composite number?
False
Let k(w) = -5 - 3*w + w + w**2 + 4*w. Let j be k(-4). Suppose -v - j*v + 388 = 0. Is v prime?
True
Suppose -4*a + 72 = -4. Is a prime?
True
Let k(a) = a**3 - 7*a**2 + 4*a. Let n be k(6). Let z be 5*1*n/(-20). Suppose s - 164 = -z*m, -s + 5*m = 32 - 188. Is s a prime number?
False
Let l(d) = -d**3 + 3*d**2 - 5*d - 5. Let v be 60/(-14) + (-14)/(-49). Is l(v) a prime number?
True
Let a(r) = r. Let f be a(8). Let y(h) = -h**3 + 8*h**2 - h + 11. Let i be y(f). Suppose -i*z + 140 = -127. Is z composite?
False
Suppose -2*p - 4*l = -p - 2, -5*p + 32 = -2*l. Suppose -3*f = -p*f + 447. Is f composite?
False
Is (4 - 39/9)*-699 a composite number?
False
Let p be (-1)/5 - 84/(-20). Suppose -14 = 5*o - p*t - 60, o - 8 = 2*t. Is o a prime number?
False
Suppose g - 1492 - 555 = 0. Is g a prime number?
False
Let l = -236 - -489. Is l prime?
False
Let x(s) = -2*s - 13. Let i be x(-9). Let v(q) = 24*q + 1. Is v(i) composite?
True
Let d be 7 - (-4)/8*-6. Let c be 1/(-3) - 24/9. Is (1 + c)/(d/(-38)) a composite number?
False
Suppose 0 = w + 2 + 9. Let d(o) = -o. Is d(w) prime?
True
Let v = -19 + 29. Is -145*1*(-4)/v a composite number?
True
Suppose j = -3*j + 8. Suppose k = -j*k. Is k + 57/9*3 composite?
False
Let k(y) = -66*y + 1. Is k(-5) a composite number?
False
Suppose -8 = -z + 111. Is z a composite number?
True
Let o(m) = -37*m - 2. Let r be o(-5). Let u = r - 64. Is u prime?
False
Suppose -4*g - 22 = -2*g. Let p = 14 - g. Is p composite?
True
Let m be 3*((-1036)/6 - 1). Let l = m + 370. Let s = l + 218. Is s a composite number?
False
Let c(z) = z**3 - 6*z**2 + 5*z - 2. Let b be c(6). Is -17*b/8*-2 prime?
False
Suppose 2*l = 12 - 4. Suppose 0 = -2*a - 2*g - 2*g + 12, l*a - g - 6 = 0. Suppose 0 = 2*u + a*u - 28. Is u a composite number?
False
Suppose 3*y = 7*y + 24. Let u be y/(-21) + (-24)/(-14). Is (-3 + 65)*u/4 a prime number?
True
Let n be 2/2*-14 + 0. Is (-1110)/n - 2/7 a composite number?
False
Let p = 21 + -11. Let d be (-4)/p + (-1076)/10. Let b = d - -157. Is b prime?
False
Let g = -6 - -9. Let b(z) = 19*z - 2. Let n(j) = -6*j + 1. Let v(w) = 4*b(w) + 11*n(w). Is v(g) prime?
False
Let u be 0/(-2) + 0/1. Suppose -5*d = -3*n + 16, -2*n - 2*d = -u*n. Suppose -n*f + 22 = -24. Is f prime?
True
Let o(j) = j + 11. Let w be o(-8). Suppose 0 = w*d - 293 - 238. Is d a prime number?
False
Let i = -18 - -20. Suppose i*c - z = z + 204, 4*c = -4*z + 440. Is c composite?
True
Let a(p) = 21*p**2 + 4. Let q(n) = 22*n**2 + 3. Let f(c) = -4*a(c) + 5*q(c). Let t be f(-1). Let d = -6 + t. Is d prime?
True
Let q(v) = 2*v**3 - 14*v**2 + 11*v + 9. Let s be q(10). Suppose 5*z + 84 = s. Is z prime?
True
Let k = -14 - -29. Is k a prime number?
False
Let i(s) = -6*s - 9 + 11*s**2 - s**3 + s - 4*s. Is i(8) a composite number?
True
Let u(j) = 22*j**3 + 5*j**2 - 3*j + 2. Let f be u(3). Suppose -4*l = 20, 683 + f = 5*a + 2*l. Is a a prime number?
False
Let g(s) = -s**2 + 14*s - 3. Let k be g(14). Is 1/((9/k)/(-66)) a prime number?
False
Let i = 6 + -6. Suppose 8 = 4*j - i. Suppose j*v = 18 + 68. Is v a prime number?
True
Suppose -682 = -2*y - 2*i, 7*y + 5*i - 1366 = 3*y. Is y composite?
True
Let f = 40 + -20. Is 1/5 + 2976/f a prime number?
True
Let z(o) = 4*o**2 + 13*o + 11. Is z(10) a composite number?
False
Let o(p) = 1309*p**2 + p. Let i be o(-1). Suppose 5*h - i = -293. Is h composite?
True
Let n = -197 - -352. Is n composite?
True
Let p be (2/5)/((-2)/(-10)). Let n be 2 - p - 0 - -501. Suppose 2*l - 4*w - 196 = 14, -5*l + n = -4*w. Is l prime?
True
Suppose -q + 4 = q. Suppose 1130 = 5*u - 5*p, -3 = -p + q*p. Is u prime?
True
Is ((-642)/(-12))/((-2)/(-28)) a prime number?
False
Suppose -6*n + 16375 = -18647. Is n composite?
True
Is 3782/6 + 2*(-7)/(-21) composite?
False
Suppose 0 = -3*q - 0*q - 39. Let k be (q + 4)*1/(-3). Suppose -396 = -5*z + w, k*z = -3*w + 173 + 61. Is z a prime number?
True
Let g(d) = -6*d + 1. Let c be (6/(-9))/((-6)/(-9)). Is g(c) a composite number?
False
Suppose 0 = 2*d + 150 + 408. Let x = d - -479. Suppose -4*k = -12 - x. Is k composite?
False
Let u(k) = -7*k**3 - k**2 - 3*k + 2. Is u(-3) composite?
False
Let f(r) = -86*r - 15. Let c(u) = u**3 + 9*u**2 + 9*u + 1. Let a be c(-8). Is f(a) a composite number?
False
Suppose -t + 4*s = 10, 2*s - 2 = 2*t - 0*s. Suppose t*l = 5*l - 9. Is (-3)/2*(-74)/l a prime number?
True
Let y(v) = v**2 + 3*v - 3. Is y(10) a composite number?
False
Let a(f) = f**3 - f**2 - f - 4. Let g be a(0). Let u(h) = -29*h - 6. Let z be u(g). Suppose 3*l + 2*l = z. Is l composite?
True
Suppose -4*b + 3*c + c = -28, -3*b + 1 = c. Let o(g) = -g**2 + 3*g + 4. Let r be o(3). Let p = r + b. Is p a prime number?
False
Let u(f) = -16*f + f - 5 + 3*f. Suppose 0 = -4*j + 8, 0*z + z + 8 = j. Is u(z) prime?
True
Let m(f) = 3*f**3 - 4*f**2 + 5. I